{"id":2,"date":"2016-05-10T03:48:21","date_gmt":"2016-05-10T03:48:21","guid":{"rendered":"http:\/\/wp452m.a10-52-158-154.qa.plesk.ru\/wordpress\/?page_id=2"},"modified":"2016-12-01T16:47:04","modified_gmt":"2016-12-01T12:47:04","slug":"sample-page","status":"publish","type":"page","link":"https:\/\/labienfaisance.re\/?page_id=2","title":{"rendered":"Devenir FM"},"content":{"rendered":"<p>Comment devenir Franc-ma\u00e7on au sein du <a href=\"https:\/\/labienfaisance.re\/?page_id=236\">Grand Orient de France<\/a> \u00e0 la R\u00e9union ?<\/p>\n<p>&nbsp;<\/p>\n<p>On peut \u00eatre int\u00e9ress\u00e9 par la Franc-ma\u00e7onnerie soit parce qu\u2019un ami nous en a parl\u00e9, soit parce qu\u2019on l\u2019a d\u00e9couverte \u00e0 l\u2019occasion de lectures ou de recherches personnelles.<\/p>\n<p>&nbsp;<\/p>\n<p>Si c\u2019est par un ami que vous connaissez le Grand Orient de France, il peut vous guider dans les d\u00e9marches \u00e0 suivre pour \u00eatre candidat dans une loge et vous accompagner dans les diff\u00e9rentes \u00e9tapes de cette candidature. Si vous ne connaissez personne, ce n\u2019est pas un probl\u00e8me. Connectez-vous ici http:\/\/godf.re\/ replissez le formulaire de contact en bas de la page. N&rsquo;omettez pas de bien pr\u00e9ciser votre lieu d&rsquo;habitation. Un responsable prendra contact avec vous, vous rencontrera et vous assistera dans votre candidature.<\/p>\n<p>&nbsp;<\/p>\n<p>A noter que toute candidature est pr\u00e9sent\u00e9e, non au Grand Orient De France en tant que tel, mais dans l\u2019une des 19 loges qu\u2019il f\u00e9d\u00e8re ici \u00e0 La R\u00e9union. La loge est en effet la cellule de base de la Franc-ma\u00e7onnerie. Elle rassemble d\u2019une vingtaine \u00e0 une cinquantaine de membres. C\u2019est dans le cadre de sa loge que le Franc-ma\u00e7on vit sa vie ma\u00e7onnique.<\/p>\n<p>&nbsp;<\/p>\n<p>Quelle est la premi\u00e8re \u00e9tape d\u2019une candidature ?<\/p>\n<p>&nbsp;<\/p>\n<p>Ce premier contact est pris par le pr\u00e9sident de la loge (le \u00ab V\u00e9n\u00e9rable \u00bb dans le vocabulaire ma\u00e7onnique). Celui-ci doit \u00e9valuer les motivations du candidat. La d\u00e9marche ma\u00e7onnique est assez particuli\u00e8re et ne doit pas \u00eatre confondue avec celles des clubs politiques, clubs services (Rotary, Lions\u2026) ou groupes \u00e9sot\u00e9riques divers. Si, \u00e0 la suite de ce premier \u00e9change, il appara\u00eet que c\u2019est bien un engagement ma\u00e7onnique qui r\u00e9pond \u00e0 l\u2019attente et aux projets du candidat, le processus se poursuit avec trois nouvelles rencontres.<\/p>\n<p>&nbsp;<\/p>\n<p>Comment se d\u00e9roulent ces rencontres pr\u00e9liminaires ?<\/p>\n<p>&nbsp;<\/p>\n<p>Ce sont des entretiens assez approfondis &#8211; certains les appellent \u00ab enqu\u00eates \u00bb ! &#8211; avec des membres de la loge. Ils durent entre une et deux heures. Le but de ces \u00e9changes est de mieux conna\u00eetre la personnalit\u00e9 du candidat, ses id\u00e9es, ses aspirations, mais aussi de r\u00e9pondre aux questions qu\u2019il peut avoir. Les trois Francs-ma\u00e7ons qui rencontrent le candidat en font ensuite un compte rendu \u00e0 la loge. De m\u00eame, par ces contacts, le candidat a un premier aper\u00e7u du groupe qu\u2019il souhaite rejoindre. Une fois que chacun conna\u00eet mieux l\u2019autre, arrive le premier temps fort de l\u2019entr\u00e9e en Ma\u00e7onnerie, le \u00ab passage sous le bandeau \u00bb.<\/p>\n<p>&nbsp;<\/p>\n<p>Qu\u2019est-ce que le passage sous le bandeau ?<\/p>\n<p>&nbsp;<\/p>\n<p>Le \u00ab passage sous le bandeau \u00bb est la pr\u00e9sentation solennelle du candidat \u00e0 la loge assembl\u00e9e. Pour des raisons de discr\u00e9tion, mais aussi en application de la \u00ab m\u00e9thode ma\u00e7onnique \u00bb, la rencontre est organis\u00e9e d\u2019une mani\u00e8re particuli\u00e8re. Le candidat est introduit dans la loge les yeux band\u00e9s et c\u2019est comme cela qu\u2019il r\u00e9pond \u00e0 un certain nombre de questions qui lui sont pos\u00e9es. C\u2019est \u00e0 l\u2019issue de ce dialogue que la loge vote sur son admission. Le vote est positif s\u2019il recueille plus des trois quarts des suffrages, ce qui arrive dans la grande majorit\u00e9 des cas.<\/p>\n<p>&nbsp;<\/p>\n<p>Comment se passe l\u2019admission ?<\/p>\n<p>&nbsp;<\/p>\n<p>L\u00e0 encore la Franc-ma\u00e7onnerie a sa m\u00e9thode. L\u2019admission n\u2019est pas une simple formalit\u00e9 administrative. Au contraire elle ob\u00e9it \u00e0 tout un rituel. Selon des usages multis\u00e9culaires, l\u2019entr\u00e9e en Franc-ma\u00e7onnerie se d\u00e9roule sous la forme d\u2019une \u00ab initiation \u00bb. Il s\u2019agit d\u2019une c\u00e9r\u00e9monie au cours de laquelle on fait passer, symboliquement, le candidat des T\u00e9n\u00e8bres \u00e0 la Lumi\u00e8re. Nous n\u2019en dirons pas plus car le \u00ab v\u00e9cu \u00bb de cette c\u00e9r\u00e9monie participe du cheminement qu\u2019inaugure l\u2019entr\u00e9e en Franc-ma\u00e7onnerie.<\/p>\n<p>&nbsp;<\/p>\n<p>Et apr\u00e8s ?<\/p>\n<p>&nbsp;<\/p>\n<p>Apr\u00e8s, c&rsquo;est probablement pour vous le d\u00e9but d&rsquo;une longue histoire !<\/p>\n<p>&nbsp;<\/p>\n<p>Vous avez une question\u00a0? Utilisez le formulaire de contact de la page d\u2019accueil de ce site, on vous r\u00e9pondra.<\/p>\n","protected":false},"excerpt":{"rendered":"<p>Comment devenir Franc-ma\u00e7on au sein du Grand Orient de France \u00e0 la R\u00e9union ? &nbsp; On peut \u00eatre int\u00e9ress\u00e9 par la Franc-ma\u00e7onnerie soit parce qu\u2019un ami nous en a parl\u00e9, soit parce qu\u2019on l\u2019a d\u00e9couverte \u00e0 l\u2019occasion de lectures ou de recherches personnelles. &nbsp; Si c\u2019est par un ami que vous connaissez le Grand Orient <a href=\"https:\/\/labienfaisance.re\/?page_id=2\" rel=\"nofollow\"><span class=\"sr-only\">En savoir plus surDevenir FM<\/span>[&#8230;]<\/a><\/p>\n","protected":false},"author":2,"featured_media":0,"parent":0,"menu_order":0,"comment_status":"closed","ping_status":"closed","template":"template-fullwidth.php","meta":{"footnotes":""},"class_list":["post-2","page","type-page","status-publish","hentry"],"_links":{"self":[{"href":"https:\/\/labienfaisance.re\/index.php?rest_route=\/wp\/v2\/pages\/2","targetHints":{"allow":["GET"]}}],"collection":[{"href":"https:\/\/labienfaisance.re\/index.php?rest_route=\/wp\/v2\/pages"}],"about":[{"href":"https:\/\/labienfaisance.re\/index.php?rest_route=\/wp\/v2\/types\/page"}],"author":[{"embeddable":true,"href":"https:\/\/labienfaisance.re\/index.php?rest_route=\/wp\/v2\/users\/2"}],"replies":[{"embeddable":true,"href":"https:\/\/labienfaisance.re\/index.php?rest_route=%2Fwp%2Fv2%2Fcomments&post=2"}],"version-history":[{"count":8,"href":"https:\/\/labienfaisance.re\/index.php?rest_route=\/wp\/v2\/pages\/2\/revisions"}],"predecessor-version":[{"id":240,"href":"https:\/\/labienfaisance.re\/index.php?rest_route=\/wp\/v2\/pages\/2\/revisions\/240"}],"wp:attachment":[{"href":"https:\/\/labienfaisance.re\/index.php?rest_route=%2Fwp%2Fv2%2Fmedia&parent=2"}],"curies":[{"name":"wp","href":"https:\/\/api.w.org\/{rel}","templated":true}]}}