{"id":196,"date":"2016-11-26T17:47:20","date_gmt":"2016-11-26T13:47:20","guid":{"rendered":"http:\/\/labienfaisance.re\/?page_id=196"},"modified":"2016-11-26T22:00:57","modified_gmt":"2016-11-26T18:00:57","slug":"nicole-robinet-de-la-serve","status":"publish","type":"page","link":"https:\/\/labienfaisance.re\/?page_id=196","title":{"rendered":"Nicole ROBINET DE LA SERVE"},"content":{"rendered":"<div class=\"entry-header\">\n<h1 class=\"entry-title\"><a href=\"http:\/\/godf.re\/wp-content\/uploads\/2014\/12\/ROBINET-DE-LA-SERVE-Nicole.png\"><img loading=\"lazy\" decoding=\"async\" class=\"alignnone size-full wp-image-189\" src=\"http:\/\/godf.re\/wp-content\/uploads\/2014\/12\/ROBINET-DE-LA-SERVE-Nicole.png\" sizes=\"auto, (max-width: 283px) 100vw, 283px\" srcset=\"http:\/\/godf.re\/wp-content\/uploads\/2014\/12\/ROBINET-DE-LA-SERVE-Nicole.png 283w, http:\/\/godf.re\/wp-content\/uploads\/2014\/12\/ROBINET-DE-LA-SERVE-Nicole-150x150.png 150w\" alt=\"ROBINET DE LA SERVE Nicole\" width=\"283\" height=\"283\" \/><\/a><\/h1>\n<\/div>\n<div class=\"entry-content\">\n<p><strong>Sa vie profane<\/strong><br \/>\nn\u00e9 en 1791 \u00e0 Bourbon, aujourd\u2019hui La R\u00e9union<br \/>\nd\u00e9c\u00e9d\u00e9 le 20 d\u00e9cembre 1842 dans cette m\u00eame \u00eele, \u00e0 Salazie.<\/p>\n<p>\u2022Journaliste, avocat puis homme politique fran\u00e7ais<\/p>\n<p>Biographie<br \/>\nVenu \u00e0 Paris \u00e0 la suite de la capture de sa colonie natale par les Britanniques pendant les Guerres napol\u00e9oniennes, qui l\u2019ont vu combattre aussi bien dans l\u2019oc\u00e9an Indien qu\u2019\u00e0 la d\u00e9fense de la capitale, il s\u2019installe rue des Saints-P\u00e8res dans l\u2019h\u00f4tel particulier d\u2019Alexandre Chevassut, lointain parent dont il \u00e9pouse la fille et qui le fait entrer au Constitutionnel.<\/p>\n<p>D\u00e9sormais au contact de personnages comme Benjamin Constant et Jacques-Antoine Manuel, qu\u2019il rencontre au journal et dans la villa des Chevassut sise dans la vall\u00e9e de Montmorency, il s\u2019affirme rapidement comme un opposant \u00e0 la Restauration, dont il analyse et critique les d\u00e9rives dans son essai De la Royaut\u00e9, paru en 1819. Mais il finit par attirer les suspicions dans le cadre d\u2019une affaire parall\u00e8le \u00e0 celle des quatre sergents de La Rochelle, s\u2019\u00e9tant frott\u00e9 au carbonarisme : il essuie un proc\u00e8s au terme duquel il se calme et rentre sur son \u00eele, o\u00f9 sa m\u00e8re est mourante.<\/p>\n<p>Il devient ensuite, une fois retourn\u00e9 dans son \u00eele natale, l\u2019un des principaux animateurs du mouvement franc-cr\u00e9ole, dont il est l\u2019initiateur. En opposition permanente avec le gouverneur \u00c9tienne-Henri Mengin du Val d\u2019Ailly, il obtient des autorit\u00e9s la cr\u00e9ation du conseil colonial de Bourbon, une assembl\u00e9e \u00e9lue. Mais son argumentation en faveur de l\u2019abolition de l\u2019esclavage le coupe de ses anciens partisans.<\/p>\n<p>L\u2019Association des Francs-Cr\u00e9oles forme, au d\u00e9but des ann\u00e9es 1830, une soci\u00e9t\u00e9 secr\u00e8te de Bourbon, une \u00eele du sud-ouest de l\u2019oc\u00e9an Indien d\u00e9sormais connue sous le nom de La R\u00e9union, et qui est alors une colonie fran\u00e7aise en pleine crise \u00e9conomique.<\/p>\n<p>Fond\u00e9e en 1831 dans l\u2019habitation de Quartier Fran\u00e7ais o\u00f9 est n\u00e9 Nicole Robinet de La Serve, son initiateur, elle rassemble en quelques mois un grand nombre de planteurs de la classe moyenne cr\u00e9ole de la C\u00f4te au Vent, voire de l\u2019ensemble de l\u2019\u00eele, parmi lesquels Jean-Baptiste Renoyal de Lescouble et Fran\u00e7ois-Auguste Vinson. Inspir\u00e9 par le carbonarisme, auquel son fondateur s\u2019est frott\u00e9 en France m\u00e9tropolitaine \u00e0 la fin des ann\u00e9es 1820, le mouvement compte parmi ses membres beaucoup de francs-ma\u00e7ons.<\/p>\n<p>Les Francs-Cr\u00e9oles r\u00e9clament une s\u00e9rie de r\u00e9formes, parmi lesquelles l\u2019\u00e9tablissement de la libert\u00e9 de la presse, qu\u2019ils s\u2019arrogent en imprimant clandestinement un titre de presse appel\u00e9 Le Salazien. Ils visent en particulier la cr\u00e9ation \u00e0 Bourbon d\u2019une assembl\u00e9e \u00e9lue \u00e0 la mani\u00e8re de celles qui existent alors dans les d\u00e9partements fran\u00e7ais. Ce faisant, leur mouvement s\u2019oppose au gouverneur \u00c9tienne-Henri Mengin du Val d\u2019Ailly, qui est rapidement inform\u00e9 de son existence, au point qu\u2019il invite plusieurs responsables \u00e0 s\u2019expliquer lors de repas. Les Francs-Cr\u00e9oles finissent par obtenir gain de cause avec la cr\u00e9ation du Conseil colonial de Bourbon.<\/p>\n<p>Il meurt retir\u00e9 du monde \u00e0 Salazie le 20 d\u00e9cembre 1842 peu de jours apr\u00e8s la mort de sa fille.<\/p>\n<p>Nicole Robinet de La Serve est le p\u00e8re d\u2019Alexandre Robinet de La Serve1, futur d\u00e9put\u00e9 et s\u00e9nateur de La R\u00e9union.<\/p>\n<p>Post\u00e9rit\u00e9<br \/>\nD\u2019apr\u00e8s Th\u00e9r\u00e8se Troude, Nicole Robinet de La Serve appara\u00eet dans Le Journal de Marguerite de Victorine Monniot sous les traits du personnage d\u2019Adrien de la Caze, qui accueille l\u2019h\u00e9ro\u00efne Marguerite Guyon chez lui au Champ-Borne pendant le s\u00e9jour forc\u00e9 de celle-ci \u00e0 Bourbon. Ce personnage emprunte n\u00e9anmoins certains traits \u00e0 d\u2019autres figures historiques, notamment Adrien Bellier.<\/p>\n<p>En outre, Auguste Lacaussade, qui le fr\u00e9quenta dans sa jeunesse peu avant sa mort, lui a d\u00e9di\u00e9 l\u2019un de ses po\u00e8mes du recueil Po\u00e8mes et paysages.<\/p>\n<p><strong>Sa vie ma\u00e7onnique<\/strong><br \/>\n\u2022 Initi\u00e9 \u00e0 l\u2019Ordre du Temple associ\u00e9 \u00e0 la Loge ma\u00e7onnique des Chevaliers de la Croix, PARIS.<\/p>\n<\/div>\n<p><a href=\"https:\/\/labienfaisance.re\/?page_id=148\">R<\/a><a href=\"https:\/\/labienfaisance.re\/?page_id=148\">etour<\/a><\/p>\n","protected":false},"excerpt":{"rendered":"<p>Sa vie profane n\u00e9 en 1791 \u00e0 Bourbon, aujourd\u2019hui La R\u00e9union d\u00e9c\u00e9d\u00e9 le 20 d\u00e9cembre 1842 dans cette m\u00eame \u00eele, \u00e0 Salazie. \u2022Journaliste, avocat puis homme politique fran\u00e7ais Biographie Venu \u00e0 Paris \u00e0 la suite de la capture de sa colonie natale par les Britanniques pendant les Guerres napol\u00e9oniennes, qui l\u2019ont vu combattre aussi bien <a href=\"https:\/\/labienfaisance.re\/?page_id=196\" rel=\"nofollow\"><span class=\"sr-only\">En savoir plus surNicole ROBINET DE LA SERVE<\/span>[&#8230;]<\/a><\/p>\n","protected":false},"author":4,"featured_media":0,"parent":0,"menu_order":0,"comment_status":"closed","ping_status":"closed","template":"template-fullwidth.php","meta":{"footnotes":""},"class_list":["post-196","page","type-page","status-publish","hentry"],"_links":{"self":[{"href":"https:\/\/labienfaisance.re\/index.php?rest_route=\/wp\/v2\/pages\/196","targetHints":{"allow":["GET"]}}],"collection":[{"href":"https:\/\/labienfaisance.re\/index.php?rest_route=\/wp\/v2\/pages"}],"about":[{"href":"https:\/\/labienfaisance.re\/index.php?rest_route=\/wp\/v2\/types\/page"}],"author":[{"embeddable":true,"href":"https:\/\/labienfaisance.re\/index.php?rest_route=\/wp\/v2\/users\/4"}],"replies":[{"embeddable":true,"href":"https:\/\/labienfaisance.re\/index.php?rest_route=%2Fwp%2Fv2%2Fcomments&post=196"}],"version-history":[{"count":2,"href":"https:\/\/labienfaisance.re\/index.php?rest_route=\/wp\/v2\/pages\/196\/revisions"}],"predecessor-version":[{"id":222,"href":"https:\/\/labienfaisance.re\/index.php?rest_route=\/wp\/v2\/pages\/196\/revisions\/222"}],"wp:attachment":[{"href":"https:\/\/labienfaisance.re\/index.php?rest_route=%2Fwp%2Fv2%2Fmedia&parent=196"}],"curies":[{"name":"wp","href":"https:\/\/api.w.org\/{rel}","templated":true}]}}