{"id":148,"date":"2016-11-25T16:33:26","date_gmt":"2016-11-25T12:33:26","guid":{"rendered":"http:\/\/labienfaisance.re\/?page_id=148"},"modified":"2016-11-26T17:55:56","modified_gmt":"2016-11-26T13:55:56","slug":"les-fm-celebres","status":"publish","type":"page","link":"https:\/\/labienfaisance.re\/?page_id=148","title":{"rendered":"Les FM c\u00e9l\u00e8bres"},"content":{"rendered":"<p>LES FRANCS-MA\u00c7ONS C\u00c9L\u00c8BRES DE L\u2019OC\u00c9AN INDIEN<\/p>\n<p><strong><em><a href=\"https:\/\/labienfaisance.re\/?page_id=152\">Jean-Victor AUGAGNEUR<\/a><\/em><\/strong><br \/>\n<a href=\"https:\/\/labienfaisance.re\/?page_id=158\"><em><strong>Marquis de Pierre de Riel BEURNONVILLE<\/strong><\/em><\/a><br \/>\n<em><strong><a href=\"https:\/\/labienfaisance.re\/?page_id=162\">Auguste BRUNET<\/a><\/strong><\/em><br \/>\n<a href=\"https:\/\/labienfaisance.re\/?page_id=167\"><em><strong>Louis BRUNET<\/strong><\/em><\/a><br \/>\n<a href=\"https:\/\/labienfaisance.re\/?page_id=172\"><em><strong>Fran\u00e7ois C\u00e9saire DE MAHY<\/strong><\/em><\/a><br \/>\n<em><strong><a href=\"https:\/\/labienfaisance.re\/?page_id=177\">Evariste De PARNY<\/a><\/strong><\/em><br \/>\n<a href=\"https:\/\/labienfaisance.re\/?page_id=179\"><em><strong>Blaise DIAGNE<\/strong><\/em><\/a><br \/>\n<a href=\"https:\/\/labienfaisance.re\/?page_id=182\"><em><strong>Lucien GASPARIN<\/strong><\/em><\/a><br \/>\n<a href=\"https:\/\/labienfaisance.re\/?page_id=185\"><em><strong>Jean-Baptiste LISLET-GEOFFROY<\/strong><\/em><\/a><br \/>\n<a href=\"https:\/\/labienfaisance.re\/?page_id=188\"><em><strong>Henri-Paulin PANON DESBASSAYN<\/strong><\/em><\/a><br \/>\n<a href=\"https:\/\/labienfaisance.re\/?page_id=192\"><em><strong>Jean-Baptiste RENOYAL DE LESCOUBLE<\/strong><\/em><\/a><br \/>\n<a href=\"https:\/\/labienfaisance.re\/?page_id=196\"><em><strong>Nicole ROBINET DE LA SERVE<\/strong><\/em><\/a><br \/>\n<a href=\"https:\/\/labienfaisance.re\/?page_id=199\"><em><strong>Joseph Napol\u00e9on S\u00e9bastien SARDA GARRIGA<\/strong><\/em><\/a><br \/>\n<a href=\"https:\/\/labienfaisance.re\/?page_id=201\"><em><strong>Robert SURCOUF<\/strong><\/em><\/a><br \/>\n<a href=\"https:\/\/labienfaisance.re\/?page_id=204\"><em><strong>Prince nguyen VINH SAN<\/strong><\/em><\/a><\/p>\n","protected":false},"excerpt":{"rendered":"<p>LES FRANCS-MA\u00c7ONS C\u00c9L\u00c8BRES DE L\u2019OC\u00c9AN INDIEN Jean-Victor AUGAGNEUR Marquis de Pierre de Riel BEURNONVILLE Auguste BRUNET Louis BRUNET Fran\u00e7ois C\u00e9saire DE MAHY Evariste De PARNY Blaise DIAGNE Lucien GASPARIN Jean-Baptiste LISLET-GEOFFROY Henri-Paulin PANON DESBASSAYN Jean-Baptiste RENOYAL DE LESCOUBLE Nicole ROBINET DE LA SERVE Joseph Napol\u00e9on S\u00e9bastien SARDA GARRIGA Robert SURCOUF Prince nguyen VINH SAN<\/p>\n","protected":false},"author":4,"featured_media":0,"parent":0,"menu_order":0,"comment_status":"closed","ping_status":"closed","template":"template-fullwidth.php","meta":{"footnotes":""},"class_list":["post-148","page","type-page","status-publish","hentry"],"_links":{"self":[{"href":"https:\/\/labienfaisance.re\/index.php?rest_route=\/wp\/v2\/pages\/148","targetHints":{"allow":["GET"]}}],"collection":[{"href":"https:\/\/labienfaisance.re\/index.php?rest_route=\/wp\/v2\/pages"}],"about":[{"href":"https:\/\/labienfaisance.re\/index.php?rest_route=\/wp\/v2\/types\/page"}],"author":[{"embeddable":true,"href":"https:\/\/labienfaisance.re\/index.php?rest_route=\/wp\/v2\/users\/4"}],"replies":[{"embeddable":true,"href":"https:\/\/labienfaisance.re\/index.php?rest_route=%2Fwp%2Fv2%2Fcomments&post=148"}],"version-history":[{"count":20,"href":"https:\/\/labienfaisance.re\/index.php?rest_route=\/wp\/v2\/pages\/148\/revisions"}],"predecessor-version":[{"id":208,"href":"https:\/\/labienfaisance.re\/index.php?rest_route=\/wp\/v2\/pages\/148\/revisions\/208"}],"wp:attachment":[{"href":"https:\/\/labienfaisance.re\/index.php?rest_route=%2Fwp%2Fv2%2Fmedia&parent=148"}],"curies":[{"name":"wp","href":"https:\/\/api.w.org\/{rel}","templated":true}]}}